{"id":107,"date":"2014-06-06T23:24:07","date_gmt":"2014-06-06T21:24:07","guid":{"rendered":"http:\/\/www.khgi.agh.edu.pl\/?page_id=107"},"modified":"2024-10-22T09:10:51","modified_gmt":"2024-10-22T07:10:51","slug":"asystenci","status":"publish","type":"page","link":"https:\/\/www.khgi.agh.edu.pl\/?page_id=107","title":{"rendered":"Asystenci"},"content":{"rendered":"<p><span style=\"color: #0000ff;\"><strong><a style=\"color: #0000ff;\" href=\"http:\/\/www.khgi.agh.edu.pl\/?page_id=1701\">mgr in\u017c. Jakub Czurczak<\/a><br \/>\n<a href=\"http:\/\/www.khgi.agh.edu.pl\/?page_id=326\"><span style=\"color: #0000ff;\">dr in\u017c. Robert Kaczmarczyk<\/span><\/a><\/strong><\/span><span style=\"color: #0000ff;\"><strong><strong><a href=\"http:\/\/www.khgi.agh.edu.pl\/?page_id=386\"><span style=\"color: #0000ff;\"><br \/>\n<\/span><\/a><\/strong><\/strong><\/span><span style=\"color: #0000ff;\"><strong><a style=\"color: #0000ff;\" href=\"http:\/\/www.khgi.agh.edu.pl\/?page_id=1133\">mgr in\u017c. Piotr Rusiniak<\/a><\/strong><\/span><\/p>\n","protected":false},"excerpt":{"rendered":"<p>mgr in\u017c. Jakub Czurczak dr in\u017c. Robert Kaczmarczyk mgr in\u017c. Piotr Rusiniak<\/p>\n","protected":false},"author":1,"featured_media":0,"parent":0,"menu_order":0,"comment_status":"open","ping_status":"open","template":"","meta":{"footnotes":""},"class_list":["post-107","page","type-page","status-publish","hentry"],"_links":{"self":[{"href":"https:\/\/www.khgi.agh.edu.pl\/index.php?rest_route=\/wp\/v2\/pages\/107","targetHints":{"allow":["GET"]}}],"collection":[{"href":"https:\/\/www.khgi.agh.edu.pl\/index.php?rest_route=\/wp\/v2\/pages"}],"about":[{"href":"https:\/\/www.khgi.agh.edu.pl\/index.php?rest_route=\/wp\/v2\/types\/page"}],"author":[{"embeddable":true,"href":"https:\/\/www.khgi.agh.edu.pl\/index.php?rest_route=\/wp\/v2\/users\/1"}],"replies":[{"embeddable":true,"href":"https:\/\/www.khgi.agh.edu.pl\/index.php?rest_route=%2Fwp%2Fv2%2Fcomments&post=107"}],"version-history":[{"count":25,"href":"https:\/\/www.khgi.agh.edu.pl\/index.php?rest_route=\/wp\/v2\/pages\/107\/revisions"}],"predecessor-version":[{"id":2178,"href":"https:\/\/www.khgi.agh.edu.pl\/index.php?rest_route=\/wp\/v2\/pages\/107\/revisions\/2178"}],"wp:attachment":[{"href":"https:\/\/www.khgi.agh.edu.pl\/index.php?rest_route=%2Fwp%2Fv2%2Fmedia&parent=107"}],"curies":[{"name":"wp","href":"https:\/\/api.w.org\/{rel}","templated":true}]}}