{"id":295,"date":"2014-09-11T12:58:17","date_gmt":"2014-09-11T10:58:17","guid":{"rendered":"http:\/\/www.khgi.agh.edu.pl\/?page_id=295"},"modified":"2018-09-28T17:52:18","modified_gmt":"2018-09-28T15:52:18","slug":"dr-inz-mariusz-czop","status":"publish","type":"page","link":"https:\/\/www.khgi.agh.edu.pl\/?page_id=295","title":{"rendered":"dr hab. in\u017c. Mariusz Czop"},"content":{"rendered":"<p style=\"color: #000000;\">Cz\u0142onek Rady Gospodarki Wodnej Regionu Wodnego G\u00f3rnej Wis\u0142y przy Dyrektorze RZGW w Krakowie<\/p>\n<p style=\"color: #000000;\"><span style=\"color: #0000ff;\"><strong><a style=\"color: #1e73be;\" href=\"http:\/\/skos.agh.edu.pl\/osoba\/mariusz-czop-6829.html\"><span style=\"color: #0000ff;\">Kontakt<\/span><\/a><\/strong><\/span><\/p>\n<p style=\"color: #000000;\"><span style=\"color: #0000ff;\"><strong><a style=\"color: #1e73be;\" href=\"http:\/\/www.bpp.agh.edu.pl\/new\/autor\/czop-mariusz-04040\"><span style=\"color: #0000ff;\">Spis publikacji<\/span><\/a><\/strong><\/span><\/p>\n<p>&nbsp;<\/p>\n<p>&nbsp;<\/p>\n","protected":false},"excerpt":{"rendered":"<p>Cz\u0142onek Rady Gospodarki Wodnej Regionu Wodnego G\u00f3rnej Wis\u0142y przy Dyrektorze RZGW w Krakowie Kontakt Spis publikacji &nbsp; &nbsp;<\/p>\n","protected":false},"author":1,"featured_media":0,"parent":0,"menu_order":0,"comment_status":"closed","ping_status":"closed","template":"","meta":{"footnotes":""},"class_list":["post-295","page","type-page","status-publish","hentry"],"_links":{"self":[{"href":"https:\/\/www.khgi.agh.edu.pl\/index.php?rest_route=\/wp\/v2\/pages\/295","targetHints":{"allow":["GET"]}}],"collection":[{"href":"https:\/\/www.khgi.agh.edu.pl\/index.php?rest_route=\/wp\/v2\/pages"}],"about":[{"href":"https:\/\/www.khgi.agh.edu.pl\/index.php?rest_route=\/wp\/v2\/types\/page"}],"author":[{"embeddable":true,"href":"https:\/\/www.khgi.agh.edu.pl\/index.php?rest_route=\/wp\/v2\/users\/1"}],"replies":[{"embeddable":true,"href":"https:\/\/www.khgi.agh.edu.pl\/index.php?rest_route=%2Fwp%2Fv2%2Fcomments&post=295"}],"version-history":[{"count":7,"href":"https:\/\/www.khgi.agh.edu.pl\/index.php?rest_route=\/wp\/v2\/pages\/295\/revisions"}],"predecessor-version":[{"id":1517,"href":"https:\/\/www.khgi.agh.edu.pl\/index.php?rest_route=\/wp\/v2\/pages\/295\/revisions\/1517"}],"wp:attachment":[{"href":"https:\/\/www.khgi.agh.edu.pl\/index.php?rest_route=%2Fwp%2Fv2%2Fmedia&parent=295"}],"curies":[{"name":"wp","href":"https:\/\/api.w.org\/{rel}","templated":true}]}}