{"id":329,"date":"2014-09-11T13:21:16","date_gmt":"2014-09-11T11:21:16","guid":{"rendered":"http:\/\/www.khgi.agh.edu.pl\/?page_id=329"},"modified":"2016-06-05T22:16:31","modified_gmt":"2016-06-05T20:16:31","slug":"dr-inz-ewa-kret","status":"publish","type":"page","link":"https:\/\/www.khgi.agh.edu.pl\/?page_id=329","title":{"rendered":"dr in\u017c. Ewa Kret"},"content":{"rendered":"<p style=\"color: #000000;\"><strong><span style=\"color: #3366ff;\"><a style=\"color: #1e73be;\" href=\"http:\/\/skos.agh.edu.pl\/osoba\/ewa-kret-7787.html\"><span style=\"color: #3366ff;\">Kontakt<\/span><\/a><\/span><\/strong><\/p>\n<p style=\"color: #000000;\"><strong><span style=\"color: #3366ff;\">Obszar bada\u0144 naukowych:<\/span><\/strong><br \/>\n\u2022 modelowanie numeryczne<br \/>\n\u2022 migracja zanieczyszcze\u0144 w wodach podziemnych<br \/>\n\u2022 remediacja w\u00f3d podziemnych<br \/>\n\u2022 analiza geostatysztyczna danych hydrologicznych i hydrogeologicznych<\/p>\n<p style=\"color: #000000;\"><strong><span style=\"color: #3366ff;\"><a style=\"color: #1e73be;\" href=\"http:\/\/www.bpp.agh.edu.pl\/new\/autor\/kret-ewa-06832\"><span style=\"color: #3366ff;\">Spis publikacji<\/span><\/a><\/span><\/strong><\/p>\n<p style=\"color: #000000;\"><strong><span style=\"color: #3366ff;\">Dydaktyka:<\/span><\/strong><br \/>\n\u2022\u00a0Modelowanie migracji zanieczyszcze\u0144 w wodach podziemnych<br \/>\n\u2022\u00a0Modelowanie migracji zanieczyszcze\u0144 w \u015brodowisku wodnym (\u0107wiczenia)<br \/>\n\u2022 Hydrogeologia regionalna I<\/p>\n<p>&nbsp;<\/p>\n","protected":false},"excerpt":{"rendered":"<p>Kontakt Obszar bada\u0144 naukowych: \u2022 modelowanie numeryczne \u2022 migracja zanieczyszcze\u0144 w wodach podziemnych \u2022 remediacja w\u00f3d podziemnych \u2022 analiza geostatysztyczna danych hydrologicznych i hydrogeologicznych Spis publikacji Dydaktyka: \u2022\u00a0Modelowanie migracji zanieczyszcze\u0144 w wodach podziemnych \u2022\u00a0Modelowanie migracji zanieczyszcze\u0144 w \u015brodowisku wodnym (\u0107wiczenia) \u2022 Hydrogeologia regionalna I &nbsp;<\/p>\n","protected":false},"author":1,"featured_media":0,"parent":0,"menu_order":0,"comment_status":"closed","ping_status":"closed","template":"","meta":{"footnotes":""},"class_list":["post-329","page","type-page","status-publish","hentry"],"_links":{"self":[{"href":"https:\/\/www.khgi.agh.edu.pl\/index.php?rest_route=\/wp\/v2\/pages\/329","targetHints":{"allow":["GET"]}}],"collection":[{"href":"https:\/\/www.khgi.agh.edu.pl\/index.php?rest_route=\/wp\/v2\/pages"}],"about":[{"href":"https:\/\/www.khgi.agh.edu.pl\/index.php?rest_route=\/wp\/v2\/types\/page"}],"author":[{"embeddable":true,"href":"https:\/\/www.khgi.agh.edu.pl\/index.php?rest_route=\/wp\/v2\/users\/1"}],"replies":[{"embeddable":true,"href":"https:\/\/www.khgi.agh.edu.pl\/index.php?rest_route=%2Fwp%2Fv2%2Fcomments&post=329"}],"version-history":[{"count":5,"href":"https:\/\/www.khgi.agh.edu.pl\/index.php?rest_route=\/wp\/v2\/pages\/329\/revisions"}],"predecessor-version":[{"id":1066,"href":"https:\/\/www.khgi.agh.edu.pl\/index.php?rest_route=\/wp\/v2\/pages\/329\/revisions\/1066"}],"wp:attachment":[{"href":"https:\/\/www.khgi.agh.edu.pl\/index.php?rest_route=%2Fwp%2Fv2%2Fmedia&parent=329"}],"curies":[{"name":"wp","href":"https:\/\/api.w.org\/{rel}","templated":true}]}}